ighest common factor of l and 966?
42
Suppose -5*o + 2*f + 1375 = -0*f, 5*o - 1395 = -2*f. Suppose 0 = -o*m + 276*m + 4. What is the highest common divisor of m and 2?
2
Let l = -105 - -145. Let k = 125 - l. What is the highest common factor of k and 34?
17
Let y(t) = -62*t + 21. Let w be y(-9). Suppose -1529 = -10*n - w. What is the greatest common divisor of 665 and n?
95
Let d = -19 - -15. Let q(j) be the first derivative of -5*j**2/2 + 15*j - 15. Let o be q(d). Calculate the greatest common factor of o and 175.
35
Suppose -4*t = 3*n - 8, 0 = 5*n + 4*t - 1 - 7. Suppose 8*w - 261 - 323 = n. What is the greatest common divisor of w and 657?
73
Suppose 31*z + 677 = 2382. What is the highest common divisor of 3575 and z?
55
Let f = -1037 - -702. Let z = f - -407. Calculate the highest common divisor of 48 and z.
24
Let y(j) = -185*j + 568. Let b be y(3). Calculate the greatest common factor of 2951 and b.
13
Suppose 0 = 9*r - 135 + 117. Suppose 0*x - 5*x + 5*b + 2815 = 0, -r = b. What is the highest common factor of 17 and x?
17
Let h = 137 - 160. Let d = h + 55. Calculate the highest common divisor of d and 8.
8
Suppose -2*q + 10 = -5*k - 20, 5*k = -4*q - 30. Let p be 2/3 + (-12472)/(-3). Let w be p/56 - k/8. What is the highest common divisor of w and 30?
15
Let f = -2125 + 3423. Calculate the greatest common divisor of f and 44.
22
Suppose 0 = 5*q - x - 39379, -q + 5*x + 8213 - 318 = 0. What is the highest common divisor of q and 63?
63
Suppose -4*v - 492 = -s - 2*s, 0 = -4*s + v + 669. Suppose -74*b + 3*d + 72 = -70*b, 5*b = -d + 109. Calculate the greatest common factor of s and b.
21
Suppose -9*s - 2*d = -10*s + 226, 5*s - 1112 = 4*d. Let h = s + -127. Calculate the highest common divisor of h and 62.
31
Suppose 4*a = -5*c - 127, -10*a + 7*a = 4*c + 101. Let u(k) = k**3 + 24*k**2 + 22*k - 14. Let p be u(c). Calculate the greatest common factor of 288 and p.
9
Let w = 17 + -12. Let v(d) = 5*d - 7. Let u be v(w). Let m be 7528/38 + (-956)/9082. What is the greatest common factor of m and u?
18
Suppose -h + 79 + 125 = -5*g, 5*h = 2*g + 859. Calculate the highest common divisor of h and 22139.
169
Suppose 665 + 3408 = 69*v - 8071. Calculate the greatest common divisor of v and 3256.
88
Suppose 2*l - 3*u = 411, 639 = 3*l + 84*u - 81*u. What is the greatest common factor of 147 and l?
21
Suppose -54*y + 21793 = -46*y + 29*y. What is the greatest common factor of 961 and y?
31
Let d = 75 + -45. Suppose 2*z - 6 = 0, -5*h + 19*z = 17*z - 69. Suppose -97*r + 102*r = h. What is the greatest common divisor of r and d?
3
Let m(a) = 9*a**2 - 2*a + 1. Let u be m(-2). Let g = -25 + u. Suppose -136*s + 6144 = -8*s. What is the greatest common factor of s and g?
16
Suppose 5*c + 5*r = 90, 0 = 4*c - r - 95 + 23. Suppose 0 = -4*u + 4*f + 140, -4*u - 3*f = -186 + c. What is the highest common divisor of 39 and u?
39
Let w = 7727 - 6102. Calculate the highest common divisor of w and 13.
13
Let i(r) = 2*r**2 - 3*r - 3. Let h be i(-1). Let o(m) = 11*m**2 + 2*m - 2*m**h - 3*m - 2. Let x be o(-1). Calculate the greatest common divisor of 56 and x.
8
Let h(j) = -2*j**3 - 144*j**2 - 20*j - 328. Let b be h(-72). Calculate the greatest common factor of 32 and b.
8
Let h be 62865/(-18)*138/(-759). Let q = -6 + 11. Calculate the greatest common factor of q and h.
5
Let o(j) be the third derivative of -j**6/40 - 3*j**5/20 - j**2. Let z be o(-4). Calculate the greatest common factor of 112 and z.
16
Suppose 0 = -8*y - 67*i + 72*i + 1589, -4*y + 5*i + 797 = 0. Suppose 5*o - 76 = 104. What is the greatest common factor of y and o?
18
Let d = 82886 + -47647. What is the greatest common divisor of 131 and d?
131
Suppose 2*m - 103 = 3*x, 0 = -3*x - 0*x + 3*m - 105. Let l = -22 - x. Suppose 8*t + 39 = l*t. Calculate the highest common divisor of 143 and t.
13
Suppose 2*f - 1008 + 294 = 0. Let y(u) = 2*u**2 + 197*u - 663. Let v be y(-102). Calculate the highest common factor of f and v.
51
Let l be 1/((22/1298)/(1*-1)). Let i be ((-77)/(-5) - -1)*5. Let n = l + i. Calculate the greatest common divisor of n and 46.
23
Let g(u) = 5*u**3 + 13*u**2 - 136*u + 13. Let h be g(7). What is the greatest common divisor of h and 9?
9
Suppose -120*f = -93*f - 1350. Let i = -381 - -556. What is the highest common divisor of i and f?
25
Suppose 0 = -2*s + 131 - 23. Let w = 284 + -279. Suppose -5*y + 4*d + 22 = 0, -w*d + 40 = y + 4*y. Calculate the greatest common divisor of s and y.
6
Let i = 5 - 3. Suppose 0 = -95*a + 81*a + 98. What is the greatest common divisor of a and i?
1
Suppose -9*o + 5*m = -67264, -2*m = -o - 1479 + 8947. Calculate the greatest common factor of 42 and o.
42
Let p be (-2 - 20/(-6))*18. Let x(q) = 59*q - 9. Let g be x(-2). Let l = g - -187. Calculate the greatest common factor of p and l.
12
Let c(r) = r**2 - 158*r + 770. Let x be c(5). What is the highest common divisor of x and 655?
5
Suppose 0 = 5*o - 4*y - 7441, 398*o - 400*o = -5*y - 2990. Calculate the greatest common factor of 1080 and o.
135
Suppose 48*f - 49*f + 195 = 0. Let h = f + -79. What is the greatest common divisor of 29 and h?
29
Let s be 40/(36/9) - 3. Suppose -s*w + 2656 = 115. What is the highest common divisor of 66 and w?
33
Let s be 6 - (-14)/(154/649). Calculate the greatest common divisor of 15 and s.
5
Suppose -272*l + 880*l = -332*l + 157920. Let s be (-377)/(-3) + 3/9. Calculate the highest common factor of l and s.
42
Let j(g) = -8*g**3 - 4*g**3 + 2*g + 13*g**3 + 22. Let m be j(0). Suppose 8*w = -m + 46. Calculate the highest common divisor of w and 24.
3
Let y = -5322 - -5517. What is the greatest common divisor of y and 1755?
195
Suppose -24*s + 420 = -17*s. Let r = 1021 - 673. What is the greatest common divisor of s and r?
12
Suppose -y + 15 = 4*h, -1 = y - 4. Suppose c + 2 = 0, 4*w - 55 = h*c + 19. Calculate the greatest common factor of w and 34.
17
Suppose -821*b + 804*b + 1530 = 0. What is the greatest common factor of b and 11790?
90
Suppose 101*x + 29685 - 66806 = 137407. Calculate the highest common factor of 320 and x.
64
Suppose -y = j - 267, 0 = 4*y + 5*j - 10*j - 1113. Let g be (374/(-55) - -2)/((-3)/10). Calculate the highest common divisor of g and y.
16
Suppose 4*t + 0*c - c - 32 = 0, -4*t = 5*c - 56. Suppose -t*z = -37 - 26. Calculate the highest common divisor of 1 and z.
1
Let m = 4959 - 4371. Calculate the highest common factor of 12 and m.
12
Let q = -80491 - -80707. Let r(w) = 8*w - 10. Let c be r(8). What is the highest common factor of c and q?
54
Let w be 4*4/(-120) + 21760/1200. Let z = 28 - 16. What is the greatest common factor of z and w?
6
Suppose 48*h - 12 = 45*h. Suppose 4*i + j = h*j + 109, -i + 2*j + 31 = 0. Calculate the highest common factor of i and 125.
25
Suppose 5*l - 1274 = -3*m - 95, -l + 247 = -m. Calculate the highest common divisor of l and 5130.
30
Suppose -u - 328 = -5*u. Suppose -2*h = 2*c - u, 4*c - 49 = -h - c. Calculate the highest common factor of h and 6.
3
Suppose 270 = 4*i + 3*k, -3*k - 18 = -0*k. Calculate the highest common divisor of i and 5256.
72
Let v be ((-9)/18*-4)/(18/77499). What is the highest common divisor of 79 and v?
79
Let f be 4/10*3840/(-64). Let i be (-2816)/f - 15/(-9). Calculate the greatest common factor of i and 17.
17
Let n be (-5 + 2)*2 + -3. Let j(t) = 2*t + 36. Let m be j(n). What is the highest common divisor of m and 9?
9
Let a be 4/8*(-704)/(-4). Let i be (18/12 - 1)*(a - -2). What is the highest common factor of 75 and i?
15
Let z(c) = -c**2 + 11*c + 83. Let r be z(-5). Suppose -2*x - 3*x + 3*p = -259, 2*x - r*p - 100 = 0. What is the greatest common divisor of x and 583?
53
Let t(a) = -3*a + 4. Suppose -8*y + 5*y = 21. Let o be t(y). Suppose 5*p = 10*p - o. Calculate the greatest common factor of p and 40.
5
Let c(j) = 116*j**2 - 24*j + 1. Let l be c(-4). Suppose l = 4*i + 5*i. What is the highest common divisor of 62 and i?
31
Let o(v) = 2*v**2 - 16*v - 15. Let j be o(9). Suppose 5*q - 2 = j*q, 0 = -p - q + 33. What is the highest common factor of p and 8?
8
Let h(s) = -2*s**3 - 29*s**2 + 218*s + 146. Let c be h(-20). What is the highest common factor of 48 and c?
6
Suppose 201*k = -44668 + 201850. What is the greatest common divisor of 544 and k?
34
Let i(x) = 4*x + 88. Let l be i(-22). Suppose 